012953 a composite number?
True
Is 14918721901 composite?
False
Is 1520165366 a prime number?
False
Is 6576150227 a composite number?
True
Is 2565734531 composite?
True
Is 3383792323 prime?
False
Is 1634381269 composite?
False
Is 321284177 prime?
False
Is 10751984857 a prime number?
True
Is 1046163059 a composite number?
False
Is 6864695467 a composite number?
True
Is 778864769 a prime number?
False
Is 11298587 a prime number?
False
Is 58690838299 composite?
True
Is 82356943 composite?
False
Is 4141472143 a prime number?
True
Is 1508362301 a composite number?
False
Is 3097144573 prime?
True
Is 116731663 a prime number?
False
Is 19627484893 composite?
True
Is 27443309393 a composite number?
True
Is 7887443147 composite?
False
Is 1138568117 a prime number?
True
Is 621635041 composite?
True
Is 20074723601 a composite number?
False
Is 1278288979 prime?
False
Is 1198710659 composite?
True
Is 903261239 a prime number?
True
Is 370876841 a prime number?
True
Is 6710538743 prime?
False
Is 965838079 a composite number?
True
Is 1432855777 prime?
True
Is 2488353839 composite?
False
Is 1071388001 a prime number?
False
Is 4576910827 a prime number?
True
Is 973469 prime?
False
Is 1309254227 a composite number?
False
Is 800634067 a composite number?
True
Is 1673111353 composite?
True
Is 2214891491 a composite number?
False
Is 453963793 a prime number?
False
Is 18268134221 a prime number?
True
Is 160422473 a composite number?
False
Is 498334453 composite?
False
Is 24785039699 prime?
False
Is 31832275697 a prime number?
False
Is 7054700483 a composite number?
False
Is 64012763 composite?
False
Is 236035211 prime?
False
Is 39515518789 a prime number?
True
Is 33425537911 composite?
True
Is 22973917 prime?
False
Is 1244888219 prime?
False
Is 64902737 a prime number?
False
Is 45153616357 composite?
False
Is 8923157953 a prime number?
False
Is 11876739649 a prime number?
True
Is 5855554351 a prime number?
True
Is 63417925229 prime?
True
Is 4674127291 a prime number?
False
Is 2037276559 a composite number?
True
Is 29931844729 prime?
True
Is 2377519891 a prime number?
True
Is 1818156337 a prime number?
False
Is 24215926133 composite?
True
Is 12815115347 a prime number?
True
Is 33302238601 prime?
True
Is 1867362599 composite?
False
Is 1292396959 a composite number?
True
Is 1253608637 a prime number?
True
Is 274084199 prime?
True
Is 66800354095 a prime number?
False
Is 481795954 a composite number?
True
Is 47054243 composite?
True
Is 763685191 prime?
True
Is 165238069 a prime number?
False
Is 1281889223 a composite number?
True
Is 38805421 prime?
False
Is 2791169893 a composite number?
False
Is 21472320377 a composite number?
True
Is 16480926327 a prime number?
False
Is 13030331383 a prime number?
True
Is 59278301 a composite number?
False
Is 2509414153 a prime number?
False
Is 15371001667 prime?
False
Is 51773797 a composite number?
True
Is 68809263871 a composite number?
True
Is 1728894359 composite?
False
Is 106250006827 composite?
False
Is 359120687 prime?
True
Is 1042306537 a composite number?
True
Is 20870218307 prime?
False
Is 35609881897 composite?
False
Is 1302975199 prime?
True
Is 973394587 a prime number?
False
Is 3671162239 prime?
True
Is 76627800079 prime?
False
Is 29792041805 a prime number?
False
Is 2324688187 a prime number?
True
Is 12296171159 a prime number?
True
Is 24409930961 a composite number?
True
Is 562564655 a prime number?
False
Is 1323423679 a composite number?
False
Is 704017397 a prime number?
True
Is 326967271 a prime number?
False
Is 17161206263 composite?
False
Is 2039918549 prime?
True
Is 1540650029 composite?
False
Is 33119161007 a prime number?
True
Is 6143773739 a composite number?
True
Is 2634123923 prime?
True
Is 69456253 a prime number?
True
Is 14286693647 a composite number?
False
Is 255081119 prime?
False
Is 87333741637 composite?
True
Is 44580326759 a composite number?
False
Is 80254723 a composite number?
True
Is 2451934171 a prime number?
True
Is 17848501031 prime?
True
Is 255877409 a composite number?
True
Is 2806698769 prime?
False
Is 3967103113 a composite number?
False
Is 14389777229 composite?
False
Is 13509919 a composite number?
False
Is 498268499 prime?
True
Is 4195469801 prime?
True
Is 1320435401 prime?
True
Is 5069167393 prime?
False
Is 13324441267 a prime number?
True
Is 379151429 composite?
True
Is 203099207 a composite number?
False
Is 6066703729 a composite number?
True
Is 6489024257 prime?
False
Is 9966653849 a prime number?
False
Is 8162711743 prime?
False
Is 685723541 composite?
True
Is 9265685197 a composite number?
True
Is 283232489 a composite number?
False
Is 80529989 a composite number?
False
Is 105631639345 a composite number?
True
Is 983199733 prime?
False
Is 54656992231 a composite number?
False
Is 2231827165 a prime number?
False
Is 2297538973 a prime number?
True
Is 507105289 composite?
True
Is 5457265883 composite?
True
Is 6533488493 composite?
True
Is 14895763021 a composite number?
False
Is 149985547 a prime number?
False
Is 60032819071 a prime number?
True
Is 26140486678 a composite number?
True
Is 10560879601 composite?
True
Is 20165274611 a prime number?
False
Is 181749506819 a composite number?
False
Is 20249480651 a prime number?
False
Is 738036791 a composite number?
False
Is 119608547 a composite number?
False
Is 27320272709 composite?
False
Is 206891719 composite?
True
Is 1519594801 composite?
True
Is 684992761 a composite number?
False
Is 7967376737 prime?
True
Is 127882899197 a prime number?
True
Is 12936461 prime?
True
Is 19941342001 a composite number?
True
Is 739713539 prime?
True
Is 44623733851 composite?
True
Is 414584749 composite?
False
Is 12885847333 composite?
True
Is 5176143233 composite?
False
Is 2174676037 prime?
True
Is 3911144429 a prime number?
True
Is 425034091 prime?
False
Is 42086175983 a prime number?
False
Is 8820946051 composite?
False
Is 32893650409 a composite number?
False
Is 65522140223 a composite number?
True
Is 310171019 a prime number?
True
Is 19525586666 a composite number?
True
Is 1078440871 prime?
True
Is 119894265607 a composite number?
True
Is 3497175761 a composite number?
False
Is 19007913649 prime?
True
Is 13820507933 prime?
True
Is 3336578519 prime?
False
Is 601802767 prime?
False
Is 11169996303 prime?
False
Is 41597615621 composite?
False
Is 24150377 composite?
False
Is 1102607651 a composite number?
False
Is 124290876251 composite?
True
Is 2968409219 prime?
False
Is 3829649 a composite number?
False
Is 1702454951 composite?
False
Is 364678217 composite?
True
Is 2490313121 composite?
False
Is 5161446431 a prime number?
True
Is 3767221849 a composite number?
True
Is 14440701659 prime?
True
Is 99763777 a composite number?
False
Is 1447594229 prime?
False
Is 28594540619 prime?
True
Is 320357111 a prime number?
True
Is 91322809 composite?
True
Is 294496799 a composite number?
True
Is 20668383053 a prime number?
False
Is 2565302099 a composite number?
False
Is 172461427 a composite number?
False
Is 2815754009 a prime number?
True
Is 2000876641 composite?
False
Is 32195757511 prime?
False
Is 101427416263 composite?
True
Is 4107505795 prime?
False
Is 1251456911 a prime number?
True
Is 39890507 a composite number?
True
Is 811094377 prime?
True
Is 35131838041 prime?
True
Is 89361256277 composite?
False
Is 16735620439 a prime number?
False
Is 570237127 prime?
True
Is 9463497573 prime?
False
Is 173003084581 a composite number?
False
Is 17104998943 a prime number?
False
Is 14051529113 prime?
True
Is 7034294569 composite?
False
Is 2921504122 prime?
False
Is 440159953 prime?
True
Is 46517266261 prime?
False
Is 732598337 a prime number?
True
Is 5177638313 composite?
False
Is 5610009089 prime?
False
Is 11153783639 a composite number?
True
Is 3627072205 a composite number?
True
Is 49339211399 a prime number?
True
Is 39824995867 a prime number?
True
Is 884540561 prime?
True
Is 3499939451 a composite number?
False
Is 7002245813 prime?
True
Is 1016925187 composite?
False
Is 3239694491 a prime number?
False
Is 27873865814 prime?
False
Is 2738210867 prime?
False
Is 4750261531 composite?
False
Is 1253689883 prime?
True
Is 331213139 a composite number?
False
Is 379940491 a prime number?
False
Is 3090304667 a composite number?
True
Is 27930596437 a composite number?
Tr